w - 4, 0 = v - 3*w - 7. Let c be (-2)/4*-8 - v. Suppose -2*t + c = -5. Calculate the greatest common divisor of 12 and t.
4
Suppose -16*r = -12*r - 88. Let h be (3 - (0 - -2)) + r + -1. Calculate the highest common factor of 110 and h.
22
Let h be 2/((-2)/(-4 - -2)). Let w be 15*-2*h/(-12). Let b = -796 - -811. Calculate the highest common divisor of b and w.
5
Let w(y) = 10*y - 17. Let m be w(2). Suppose -5*r + m*n = -n - 38, 22 = 5*r + 4*n. What is the greatest common factor of 84 and r?
6
Let g be 76/3 - (-15)/(-45). Suppose -4*t + g = -23. What is the highest common factor of t and 3?
3
Suppose -43*l + 46*l - 276 = 0. Calculate the greatest common factor of 115 and l.
23
Let u be 30/(42/(-12) + 5). Calculate the greatest common factor of 60 and u.
20
Suppose -2469 = 2*o - 2571. Calculate the highest common factor of o and 119.
17
Let a = -1128 + 1170. Let j be 566/10 + (-3)/5. What is the greatest common factor of j and a?
14
Let h(y) = -9*y - 2. Let c(v) = v + 5. Let r be c(-7). Let j be h(r). Calculate the highest common factor of j and 40.
8
Let j be (-90)/4*(14196/(-65))/14. What is the greatest common factor of 13 and j?
13
Suppose 0 = 4*b + 2 - 6, -b + 10 = r. Calculate the highest common divisor of r and 243.
9
Let m(s) = 2*s + 10. Let k be m(13). Let d be 8/(k/15 - 2). What is the highest common divisor of d and 20?
20
Let f = 17 + -17. Suppose -3*d + 38 + 13 = f. Let g = 8 - -9. What is the greatest common factor of g and d?
17
Let b be -3 + 6 + -35 + 5. Let c be (b + 36)*(-1 + 2 - 0). What is the greatest common divisor of 117 and c?
9
Suppose 1 = 2*f + 7, -3*d = -3*f - 309. Calculate the highest common divisor of 1300 and d.
100
Suppose -x + 39*z - 43*z = -18, -z = x - 9. What is the highest common factor of x and 118?
2
Let r(o) = -o + 1. Let x(u) = 6*u - 4. Let n(b) = 11*r(b) + 2*x(b). Let k be n(8). Calculate the greatest common factor of 22 and k.
11
Suppose 0 = 89*t - 76*t - 1170. What is the highest common divisor of t and 15?
15
Let o be 1/5 + (-224)/(-80). Suppose 0 = -2*s + o*i + 499, -s + 497 = s - i. What is the highest common factor of s and 31?
31
Let y(n) = 6*n**2 - 4*n - 1. Let s be y(4). Calculate the greatest common factor of s and 158.
79
Let t be (932/(-6))/((-34)/51). Suppose -6*b + 217 = -t. What is the greatest common factor of 25 and b?
25
Suppose 0 = -5*q, 0 = -3*r - 4*q + 6 + 72. Calculate the highest common divisor of 13 and r.
13
Let a(t) = t**2 - t + 1. Let k be a(2). Suppose -r + k*r - 2 = 0. What is the highest common divisor of 1 and r?
1
Suppose -56 = -2*p + i, 2*p - 56 = 3*i + i. Suppose -711 = 2*c + 405. Let m = -250 - c. What is the highest common divisor of p and m?
28
Let s = -27 + 39. Suppose -v + 4 = 1. Suppose v*t - 13 + 4 = 0. What is the highest common factor of t and s?
3
Let n be (-6)/(((-8)/(-5980))/(4/(-20))). What is the greatest common factor of n and 39?
39
Let l = 272 - 257. Calculate the greatest common divisor of 15 and l.
15
Suppose -5*m = -2719 + 904. What is the highest common factor of m and 33?
33
Let j be -8 - (-14 - -7) - (3 - 46). What is the greatest common factor of 336 and j?
42
Let y be (-36)/(-15)*-1*5. Let t = -44 + 80. Let k = y + t. Calculate the greatest common factor of 12 and k.
12
Let y(c) = 14 - c**3 + 1 - 3 - 6*c + 8*c**2. Let g be y(7). Calculate the highest common divisor of g and 152.
19
Let r(u) = 3 + 48*u + 1 - 46*u. Let c be r(4). Let f be 0 - (-4)/(4/3). What is the greatest common divisor of f and c?
3
Let q = -32 + 26. Let b be (q/(-4))/(2/4). Suppose 4*a - 3*a = 9. What is the highest common divisor of a and b?
3
Let o be 51/15 - 14/35. Suppose -s - o*s = -96. Calculate the greatest common factor of 12 and s.
12
Suppose -6*z - 355 = -z. Let w = z - -119. What is the greatest common divisor of 24 and w?
24
Suppose 3*z + 7 + 2 = 0. Let u(g) = -13*g - 18. Let o be u(z). What is the highest common factor of o and 63?
21
Suppose 11*t - 18*t + 28 = 0. Calculate the highest common divisor of t and 30.
2
Let d = 610 - 70. What is the greatest common factor of 60 and d?
60
Suppose 29 = -2*p + 5. Let b be (-1 - 4/p)*-36. What is the highest common divisor of 60 and b?
12
Let t be (-20)/(-3)*345/92. Calculate the greatest common factor of 400 and t.
25
Let r be (1 + 22)*160/(-8). Let k be r/(-30) - (-1)/(-3). What is the greatest common divisor of 60 and k?
15
Suppose 4*n = -24 + 44. Suppose -2*j + 4*x = -24, 22 = 3*j - 3*x - n. What is the greatest common divisor of j and 3?
3
Let y be 6/4*112/24. Let j = y + -2. Suppose j*r + 4*u - 66 = 0, 3*u - 8 - 54 = -5*r. What is the highest common factor of r and 50?
10
Let l = -442 + 313. Let p = l + 156. Suppose -4*q + 9 + 3 = 0. What is the highest common factor of p and q?
3
Let i(o) = -3*o + 10. Let p be i(-6). Let n be 255/6 + (-1)/2. Suppose n = -u + 4*u. Calculate the highest common factor of u and p.
14
Suppose 10*d + 3*c = 5*d + 513, -d - 5*c = -85. What is the highest common factor of 336 and d?
21
Let a(k) = 11*k**2 + 56*k + 14. Let y be a(-5). What is the highest common factor of y and 27?
9
Suppose -885 = -2*z - 297. Calculate the highest common factor of 6 and z.
6
Let v be 2/8 + (-9)/12*-5. Suppose v*s - 7*s + 42 = 0. What is the greatest common divisor of s and 98?
14
Let a = 32 - 29. Let n(j) = j - 3. Let d be n(a). Suppose d = -3*f + 13 + 5. What is the greatest common factor of 18 and f?
6
Let f be (-2 - 165/(-6))/((-24)/(-656)). Calculate the greatest common divisor of 34 and f.
17
Let a = -3 + 6. Suppose -4*v - 413 = -a*v. Let b be v/(-6) - (-2)/12. Calculate the greatest common divisor of 23 and b.
23
Let s = -304 + 484. Let b be -1 - (s/4)/(-3). Let x(r) = r**3 - 14*r**2 + 2*r - 20. Let z be x(b). What is the highest common factor of z and 64?
8
Let g be 6/45 - (-988)/15. Suppose -6*l + 178 - 46 = 0. Calculate the greatest common divisor of l and g.
22
Suppose 0 = 6*t - 418 - 1100. Calculate the greatest common divisor of t and 11.
11
Let d be (-192)/5*(-18 + 13). Calculate the greatest common divisor of d and 896.
64
Suppose x + 0 = 7. Let v be (-1 + x)/((-10)/(-20)). Suppose -15*l = -v*l - 42. What is the greatest common factor of 42 and l?
14
Suppose 22 - 12 = -2*k, 54 = 2*w - 2*k. What is the highest common divisor of 11 and w?
11
Let c be 372 + -11 + 1/2*-2. What is the highest common factor of c and 6?
6
Suppose 4*q - 4*g = q + 15, 0 = -5*q + 4*g + 25. Let a be 74/q + (-1)/(-5). Calculate the highest common divisor of a and 75.
15
Suppose 6 = -5*b - 14, -2*r - 5*b + 770 = 0. Calculate the greatest common divisor of 5 and r.
5
Let l = 11 - 7. Suppose -4*f + 36 = -6*v + 2*v, -33 = l*v - f. Let m(w) = -5*w + 4. Let h be m(v). Calculate the highest common factor of h and 11.
11
Suppose -4*r - 4*m = -2296, r + 10*m - 5*m = 590. What is the greatest common factor of 456 and r?
114
Let a be (-213 + 192)*(-6)/14. Let x be (-3)/2*-1*6. What is the highest common divisor of x and a?
9
Let a be 6/9*-1*-12. Let r be 528/9*(-3)/(-2). Calculate the greatest common divisor of r and a.
8
Suppose 5*k - 1506 = -6*p + 7*p, p = -2*k + 601. Calculate the highest common divisor of k and 43.
43
Let h(m) = -m**3 + 5*m**2 - 6*m + 7. Let u be h(3). Let s be 2*39 - (1 + 0). What is the highest common factor of s and u?
7
Let c be 595/70 + (-9)/(-2). Let j be -1*2 - -3*83. What is the highest common divisor of c and j?
13
Suppose -i = 2*i - 90. Let r be (4 - (-10227)/70) + (-1)/10. What is the highest common divisor of i and r?
30
Suppose -288 = -y - 284. Let d(s) = 5*s. Let v be d(4). Calculate the highest common divisor of v and y.
4
Let y be ((-31)/31)/(1*(-2)/(-30)). Let d = 18 + y. Calculate the greatest common factor of 12 and d.
3
Let w = -140 + 348. What is the greatest common factor of w and 13?
13
Let p = 36 + -27. Let s be (-6 - -8) + 1*p. What is the greatest common factor of s and 22?
11
Let s = -276 + 285. Calculate the greatest common factor of 6 and s.
3
Let n(m) = -8*m - 15. Let c be n(-6). Let b = -895 - -983. Calculate the greatest common factor of b and c.
11
Let f = 3153 + -1708. Calculate the highest common factor of f and 51.
17
Let z be (-786)/(-12) + (-90)/(-20). What is the highest common divisor of z and 20?
10
Suppose -14*y = -13*y. Suppose -u + y + 10 = -4*d, -2*u + 4 = 0. Let q =